2)?
5
Let p(l) = l**3 - 36*l**2 + 38*l - 111. What is p(35)?
-6
Let p(w) = 2*w**3 + 7*w**2 + 4*w - 4. What is p(-4)?
-36
Let g(o) = -o**3 - 11*o**2 + 5*o + 47. Determine g(-11).
-8
Let j(x) = -10*x - 11. Determine j(-4).
29
Let i(o) = -o**3 - 4*o**2 + 5*o + 16. What is i(-5)?
16
Let p(g) = -60*g**3 + g**2 - 2*g - 2. Calculate p(-1).
61
Let p(m) = m**3 + 14*m**2 + 2*m + 17. Determine p(-14).
-11
Let l(b) = -6*b + 1. Calculate l(1).
-5
Let z(q) = -q - 4. Determine z(2).
-6
Let x(l) = -l**3 - l - 7. What is x(0)?
-7
Let s(g) = g**3 - 6*g**2 + 7*g + 25. Calculate s(6).
67
Let c(u) = -u**2 + 8*u + 29. What is c(10)?
9
Let q(u) = -2*u**2 + 3*u + 5. Calculate q(5).
-30
Let r(c) = -49*c - 35. What is r(-1)?
14
Let l(o) = -106*o - 208. Determine l(-2).
4
Let g(p) = 3*p + 72. Determine g(-17).
21
Let w(k) = -k**2 + 3*k - 8. Determine w(6).
-26
Let y(v) = v**3 + v**2 - 5*v + 4. Determine y(1).
1
Let d(p) = -p**3 + 10*p**2 + 8*p + 22. What is d(11)?
-11
Let t(q) = -q**3 + 8*q**2 - q + 1. What is t(5)?
71
Let s(b) = -5*b**2 - b + 1. Determine s(3).
-47
Let v(d) = d**3 - 3*d**2 - 12*d + 3. What is v(5)?
-7
Let c(r) = -3*r**2 + 23*r - 58. What is c(5)?
-18
Let n(z) = z**3 + 20*z**2 + 24*z + 43. Calculate n(-19).
-52
Let v(o) = -2*o**2 + 5*o + 7. Give v(-3).
-26
Let k(q) = -15*q - 13. What is k(-1)?
2
Let w(z) = z**3 + 3*z**2 + 4*z + 3. Give w(-2).
-1
Let h(t) = -9*t + 35. Calculate h(7).
-28
Let m(r) = -r**3 - 2*r**2 - 4*r - 4. What is m(-2)?
4
Let c(o) = -o**2 - 29*o - 208. Determine c(-11).
-10
Let c(s) = s**2 - 8*s + 12. Calculate c(5).
-3
Let d(q) = q**2 - 4*q + 4. Calculate d(3).
1
Let m(c) = c - 13. What is m(0)?
-13
Let o(j) = -23*j**2 + 1. Give o(-1).
-22
Let w(c) = 2*c**2 - 23*c + 25. Determine w(10).
-5
Let f(g) = g**3 + 6*g**2 + 4*g - 3. What is f(-4)?
13
Let l(k) = k**2 - 9*k + 1. Determine l(3).
-17
Let i(d) = 14*d + 7. Calculate i(-5).
-63
Let y(k) = -k**2 + 66*k - 800. Determine y(16).
0
Let l(j) = j**2 - j - 6. Determine l(0).
-6
Let j(m) = 9*m - 7. Determine j(3).
20
Let i(c) = -c**3 - 6*c**2 + 4*c - 11. Determine i(-6).
-35
Let o(n) = -n**3 + 5*n**2 + 5. Calculate o(4).
21
Let k(b) = -b**2 - b - 1. Calculate k(-5).
-21
Let o(w) = -w - 6. Calculate o(5).
-11
Let a(b) = -b**2 + 4*b + 8. What is a(4)?
8
Let r(m) = m**3 - 9*m**2 - 13*m + 7. Give r(10).
-23
Let f(v) = -v**3 + 4*v**2 + 34*v - 21. What is f(8)?
-5
Let a(h) = -19*h - 191. Give a(-6).
-77
Let j(g) = -g + 25. Give j(0).
25
Let r(p) = -4*p**2 + 2*p - 1. Determine r(1).
-3
Let h(t) = -t**3 + 7*t**2 - 9*t - 8. Determine h(7).
-71
Let d(k) = 16*k - 6. Give d(-2).
-38
Let s(j) = 2*j**3 - j**2 + j + 12. What is s(0)?
12
Let o(z) = z**2 - 25*z + 39. Determine o(23).
-7
Let q(p) = p - 12. What is q(6)?
-6
Let c(a) = a - 28. Give c(15).
-13
Let f(x) = x + 17. Calculate f(-5).
12
Let x(f) = 36*f - 215. Determine x(6).
1
Let z(d) = 2*d**2 + 89*d + 255. Calculate z(-3).
6
Let p(h) = -h**2 - 14*h + 5. What is p(-13)?
18
Let u(n) = -n**2 - 13*n + 18. Give u(-13).
18
Let k(n) = 2*n**2 + 9*n + 4. Calculate k(-6).
22
Let g(r) = 16*r - 21. Determine g(4).
43
Let d(y) = y + 1. Give d(5).
6
Let w(d) = -d**3 + 31*d**2 + 31*d + 37. Calculate w(32).
5
Let r(w) = -2*w**2 + 5*w + 11. What is r(6)?
-31
Let z(j) = j**3 - j**2 - 2*j - 8. Determine z(0).
-8
Let x(k) = -8*k**2 - 3*k + 3. Give x(2).
-35
Let v(a) = 60*a - 1. What is v(1)?
59
Let q(a) = a**3 - a**2 - a - 6. What is q(0)?
-6
Let p(r) = -r**3 - 4*r**2 - 5*r - 2. Determine p(-2).
0
Let y(h) = -3*h - 26. Calculate y(-7).
-5
Let l(t) = 4*t**2 - 10*t - 4. Determine l(4).
20
Let t(j) = 6*j**2 - 2*j + 2. Calculate t(2).
22
Let k(m) = 3*m + 6. Determine k(6).
24
Let r(x) = -x**3 - 3*x**2 + 7*x - 21. Calculate r(-5).
-6
Let x(u) = 4*u + 37. Calculate x(24).
133
Let p(u) = u**2 + 30*u - 169. Determine p(-35).
6
Let g(i) = i**3 + 10*i**2 + 2*i + 11. Give g(-10).
-9
Let p(r) = 45*r**3 + 2*r**2 - 1. Calculate p(-1).
-44
Let z(w) = 6*w - 3. Give z(2).
9
Let t(c) = 38*c - 227. Determine t(6).
1
Let o(c) = 5*c + 12. What is o(-5)?
-13
Let h(k) = k**3 + 17*k**2 + 15*k - 17. Give h(-16).
-1
Let g(d) = d - 16. Calculate g(-3).
-19
Let s(g) = -10*g - 191. Calculate s(-19).
-1
Let l(x) = -5*x + 3. Determine l(4).
-17
Let a(l) = -l**2 - 20*l - 48. Determine a(-17).
3
Let n(q) = -q**3 + 5*q**2 - q - 16. What is n(4)?
-4
Let n(d) = -d + 21. Determine n(12).
9
Let m(s) = s**3 - 14*s**2 - 14*s - 29. What is m(15)?
-14
Let f(l) = 4*l**3 - 3*l**2 + l + 1. Determine f(1).
3
Let m(h) = -h**3 + 7*h**2 - 3*h + 4. Give m(7).
-17
Let o(n) = -21*n**3 + 2*n**2 - 3*n + 1. Give o(1).
-21
Let p(w) = w**3 - w**2 - 3*w. Calculate p(3).
9
Let p(v) = -4*v**2 + 13*v - 17. What is p(2)?
-7
Let r(j) = -j**2 + 9*j - 25. Determine r(6).
-7
Let l(w) = w**3 - 6*w**2 + 5*w - 7. Give l(5).
-7
Let p(v) = -3*v - 1. Give p(-3).
8
Let b(w) = w**3 + 7*w**2 - 8*w - 10. What is b(-8)?
-10
Let x(d) = -d**3 - 11*d**2 + 10*d - 27. Give x(-12).
-3
Let l(f) = -f - 35. What is l(20)?
-55
Let u(q) = -12*q + 28. Give u(2).
4
Let n(f) = -12*f - 3. Determine n(-3).
33
Let n(z) = z**2 - 6*z - 9. Give n(12).
63
Let k(i) = -i**2 - 5. Determine k(6).
-41
Let n(q) = -2*q**2 - 30*q - 113. Calculate n(-5).
-13
Let u(k) = -k**2 + 8*k - 1. Give u(6).
11
Let q(v) = -v**2 - v + 4. Give q(0).
4
Let w(h) = h + 42. What is w(-30)?
12
Let b(y) = y**3 - 14*y**2 + 27*y + 3. What is b(12)?
39
Let g(o) = 8*o - 19. What is g(-13)?
-123
Let y(n) = n**2 + 4*n - 69. What is y(6)?
-9
Let h(r) = -r**2 - r + 14. Calculate h(-7).
-28
Let m(w) = -2*w - 101. Determine m(0).
-101
Let b(s) = -s**2 - 5*s + 9. Give b(2).
-5
Let s(h) = -5*h**2 + h + 4. Calculate s(2).
-14
Let s(z) = z**2 - z - 52. Calculate s(8).
4
Let f(n) = -6*n**3 + n**2 + n - 4. Calculate f(1).
-8
Let z(t) = -t**3 - 27*t**2 - 2*t - 49. Calculate z(-27).
5
Let j(p) = -2*p**3 - 5*p**2 - 5*p + 7. Calculate j(-3).
31
Let u(t) = 7*t + 8. Determine u(9).
71
Let m(v) = 2*v**2 + 13*v + 19. Calculate m(-6).
13
Let x(p) = -p + 28. What is x(-9)?
37
Let r(h) = -h**3 - 10*h**2 + 12*h - 5. Calculate r(-11).
-16
Let t(m) = m**3 - m**2 - 9*m + 5. What is t(3)?
-4
Let c(r) = 21*r + 11. Determine c(-3).
-52
Let w(v) = -13*v - 17. Give w(-1).
-4
Let n(f) = -19*f + 13. Calculate n(2).
-25
Let c(f) = 2*f - 21. Give c(-8).
-37
Let p(g) = g - 3. What is p(-7)?
-10
Let z(c) = c**3 - c**2 + 4*c - 3. Determine z(2).
9
Let z(l) = l - 20. Determine z(5).
-15
Let w(i) = -2*i**2 + 6*i + 27. Give w(7).
-29
Let n(a) = a**3 + 2*a**2 - a - 18. Determine n(0).
-18
Let n(z) = 2*z**2 + 10*z + 37. Give n(-4).
29
Let a(k) = -k**3 - 12*k**2 - 10*k - 13. What is a(-11)?
-24
Let r(y) = -3*y**2 + 6*y - 17. Calculate r(5).
-62
Let k(n) = -3*n + 19. Determine k(-11).
52
Let v(i) = i**3 - 2*i + 1. Give v(-2).
-3
Let k(a) = -3*a - 2. Give k(4).
-14
Let q(l) = l**3 + 3*l**2 + 5*l + 9. Calculate q(-3).
-6
Let o(h) = h + 1. What is o(2)?
3
Let x(s) = -s**2 - 4*s + 3. Give x(4).
-29
Let n(x) = -x**3 - 14*x**2 - 13*x - 13. Determine n(-13).
-13
Let n(i) = -4*i**2 - 24*i + 15. Determine n(-8).
-49
Let n(y) = -y**2 - 30*y - 60. Determine n(-2).
-4
Let v(k) = -k**3 + 12*k + 4. What is v(-3)?
-5
Let p(g) = -g**3 - 5*g**2 + 14*g - 10. Calculate p(2).
-10
Let f(c) = -3*c - 36. Determine f(-6).
-18
Let l(g) = 6*g + 5. What is l(-1)?
-1
Let w(f) = f + 8. Give w(-16).
-8
Let l(y) = y - 7. Give l(3).
-4
Let z(s) = s**3 + 4*s**2 - 10*s - 42. Calculate z(-3).
-3
Let h(p) = 3*p**2 + 32*p + 17. Give h(-10).
-3
Let k(m) = 2*m**3 + 21*m**2 + 10*m + 5. Calculate k(-10).
5
Let v(y) = y**2 - 2*y - 30. Give v(9).
33
Let g(i) = i**3 + 4*i**2 - 2*i - 5. Calculate g(-4).
3
Let o(r) = -98*r - 5. What is o(-2)?
191
Let u(d) = d**2 - d - 14. Calculate u(5).
6
Let k(f) = 5*f - 183. What is k(38)?
7
Let x(r) = r**2 - 2*r - 14. Calculate x(4).
-6
Let a(v) = 10*v**2 + 13*v + 2. Calculate a(-4).
110
Let b(p) = -p + 20. What is b(13)?
7
Let u(i) = -i**2 - 2*i - 1. Give u(-1).
0
Let k(i) = 43*i + 3. Determine k(-1).
-40
Let n(f) = f**2 - 6*f - 38. Calculate n(10).
2
Let m(n) = n**3 + 8*n**2 - 7*n - 8. What is m(-7)?
90
Let n(t) = t**3 + 2*t**2 - 4*t - 6. Determine n(-4).
-22
Let w(f) = f**3 + 5*f**2 - 6. Determine w(-5).
-6
Let b(g) = -4*g - 21. Determine b(-5).
-1
Let a(p) = -2*p**2 + 3*p + 2. Calculate a(4).
-18
Let l(w) = w - 4. Determine l(1).
-3
Let j(s